-656. Determine c(y).
-17
Let p(c) = c**3 - 6*c**2 + 5. Let g = -348 + 353. Determine p(g).
-20
Let x(a) = -12*a. Suppose 0 = -4*y + k + 31, -5*y - 2*k + 60 = k. Suppose s + 11 = -4*p - 0*p, 3*p + y = 0. What is x(s)?
-12
Let f(a) be the second derivative of -a**7/2520 - a**6/720 + 3*a**5/40 - 5*a**4/12 + 9*a. Let z(v) be the third derivative of f(v). Calculate z(0).
9
Let x be (-90)/10*(-3)/(-9). Let q(o) be the first derivative of -o**3/3 - o**2/2 - 2*o + 4. Calculate q(x).
-8
Let t(k) = k**2 + k**2 - 2 + 4 + k**3. Let w(b) = 142*b + 10*b**2 - 145*b - 30 - 3 + b**3 + 0*b**3. Let c be w(-10). Give t(c).
-7
Let x(v) = 43*v - 219. Let p be x(5). Let s(j) be the first derivative of -j**4/2 - 2*j**3 + j**2/2 + 4*j - 4. What is s(p)?
32
Let f(z) = 7*z**2 - z - 1. Let n(i) = -i**2 - 6*i - 3. Let k be n(-5). Let p(u) = u - 1. Let a be p(4). Suppose k = -a*v + v. Calculate f(v).
7
Suppose -12*j + 61*j - 245 = 0. Let t(h) = h**2 - 3 - 3*h**2 + 3*h**2. What is t(j)?
22
Suppose 0 = -12*m + 8*m + 8. Let j(b) = 9*b - b - m*b + 3. Calculate j(-3).
-15
Let v(s) = -2*s + 2. Let k(c) = -3*c + 11. Let w(u) = k(u) - 2*v(u). Suppose -3*o - 2*z - 23 = 1, -2*o + z = 9. Calculate w(o).
1
Let y(q) = 2*q**2 + 1. Let f be y(1). Suppose 2*h = 5*h + f. Let c(l) be the third derivative of l**5/10 - l**3/6 - 6*l**2. Determine c(h).
5
Let o(f) = f**3 + f**2 + 2*f - 1. Let s(y) = 3*y**3 + 10*y**2 + 5*y - 1. Let r(z) = -4*o(z) + s(z). Give r(4).
23
Let k(j) = -17*j + 19. Let a = 20 + -16. Let t(o) = -6*o + 6. Let b(p) = a*k(p) - 11*t(p). Let z be 13 - (2 + 1) - 3. Calculate b(z).
-4
Let h(d) = -5*d - 16. Let y(z) = -5*z - 15. Let i(j) = -5*h(j) + 6*y(j). Suppose 37*k - 40 = 42*k. What is i(k)?
30
Let v(z) = 3*z - 7. Let p(h) = -3*h**2 - 2*h**2 - 5*h + 1 + 6*h**2 - 2*h**2. Let o be (-23)/6 - 7/42. Let q be p(o). Give v(q).
8
Let x(z) = z**3 + 4*z**2 + 3*z - 7. Let k(q) = q**3 + 5*q**2 + 3*q - 7. Let m(n) = -6*k(n) + 7*x(n). Let r(j) be the first derivative of m(j). Calculate r(2).
7
Let r(x) be the first derivative of 0*x**2 + 21 + 0*x - 9/4*x**4 + 0*x**3. Determine r(-1).
9
Let k(w) = w**2 - 3*w - 2. Suppose 5*f + 4*d = 132, -3*f - f = -d - 93. Let p = f + -27. Calculate k(p).
16
Let c = 3515 + -3512. Let n(i) be the first derivative of -i**2 - 1. Determine n(c).
-6
Let z(r) = -r**2 - 3*r + 2. Let a(j) = 12*j**3 - 6*j**2 - 15*j + 11. Let s(h) = -a(h) + 5*z(h). Give s(-1).
12
Let u be (-2)/8 + -15*2/8. Let w(c) = -17*c**3 + 6*c**2 - 8*c - 11. Let m(o) = -6*o**3 + 2*o**2 - 3*o - 4. Let a(n) = u*w(n) + 11*m(n). What is a(2)?
6
Let z(n) = 0*n**2 - 14*n - 16*n - n**2 + 36*n. Calculate z(5).
5
Let t(i) be the first derivative of -i**4/2 - i**3/3 - 2*i**2 - 3*i + 197. Determine t(-1).
2
Let o(j) = 36*j + 2 + 37*j + 45*j + 35*j - 152*j. Suppose 3*g - 8 = -2. Calculate o(g).
4
Let m be 34/(-51) - 8/(-3). Let r(n) = -11*n + m*n - 5*n + n**2 + 7 + 6*n. Calculate r(5).
-8
Let y(a) = a**3 + 9*a**2 + 3*a + 3. Let q(g) = -2*g**3 - 11*g**2 - 4*g - 3. Let k(v) = 2*q(v) + 3*y(v). Calculate k(5).
8
Let f(y) = y**2 - 2*y - 11. Suppose 3*r + 43 = 5*g + 2*r, 0 = 3*r + 9. Determine f(g).
37
Let g = -839 + 845. Let r(a) = -a**2 + 9*a - 2. What is r(g)?
16
Suppose -16 = -l + 5*c, 0*c + 2*c + 9 = 3*l. Let z = 1 - l. Let d(m) = m**2 - 24*m. Let y(t) = -t**2 + 19*t. Let p(f) = -4*d(f) - 5*y(f). Calculate p(z).
0
Let m(n) = -9*n - 1. Suppose 0 = 5*q + j + 13, -10*j + 12*j + 8 = -4*q. Determine m(q).
26
Let l(j) = -9*j**2 + 2*j - 1. Let b(g) = -4*g - 50. Let n(p) = -2*p - 25. Let c(i) = -2*b(i) + 5*n(i). Let k be c(-13). What is l(k)?
-8
Let p(i) be the third derivative of -1/24*i**4 + 1/120*i**6 + 0*i - 1/6*i**5 + 11/6*i**3 - 4*i**2 + 0. Let q be p(10). Let z(h) = -8*h**2. Give z(q).
-8
Let m(a) = -6 - 6*a**2 + 4*a + 4*a**2 - a + a**2. Calculate m(2).
-4
Suppose 0 = 5*m - j - 11, 2 - 6 = 4*j. Let y(c) = 8*c + 2. Calculate y(m).
18
Suppose -6*q - 30 = -8*q. Let h = 16 - q. Let x(p) = -3 - h - 4 - 2*p. Give x(-6).
4
Let d(t) = t + 243 + 0*t - 213. Calculate d(-27).
3
Let h(s) = -7 - 7*s - 5*s - 11*s - 9*s + s**2 + 37*s. What is h(-5)?
-7
Let q(b) = -b**2 - 7*b - 11. Let c(p) = 7*p - 27*p**2 + 17*p**2 + 11*p**2 + 12. Let z(g) = 4*c(g) + 5*q(g). What is z(-5)?
3
Let w = 26 - 29. Let f(s) be the first derivative of 3*s**2/2 + 3*s - 6. Give f(w).
-6
Let p(k) = 5*k - 1. Let b(i) = -i**3 + 8*i**2 - 7*i - 1. Let g be b(7). Let r be 1/g*(2 + 0). What is p(r)?
-11
Let p = -832 - -824. Let b(i) = -6*i - 27. Calculate b(p).
21
Let h(x) = -547 - x**3 + 271 + 6*x**2 + 275 - 5*x. Give h(5).
-1
Let p(a) = a + 1. Let k(d) = 3*d**2 + 9*d + 9. Let x(q) = k(q) - 9*p(q). Let g = -953 + 952. What is x(g)?
3
Let q(m) be the second derivative of -3*m**4/4 - 2*m**3/3 + m**2 + 286*m. Calculate q(1).
-11
Let n(x) = 2*x**3 - 7*x**2 - 17*x - 14. Let w(q) = q**3 + 2*q**2 - q + 1. Let h(l) = -n(l) + 3*w(l). Determine h(-12).
-7
Let z(v) = v + 1. Let q(w) be the first derivative of 2*w**2 + 8*w - 14. Let g(j) = -q(j) + 3*z(j). What is g(-4)?
-1
Let m be (3/2)/(12/32). Let x(r) be the second derivative of r**4/12 - 2*r**3/3 + 5*r**2/2 - 97*r. Calculate x(m).
5
Let s(a) = a + 2. Let r(f) = f**3 - f**2 + 2. Let w be r(0). Let t be (w - 4/5)*(-5)/1. Determine s(t).
-4
Suppose -2*t + 5 + 31 = 0. Let v = -74 + t. Let a be (-320)/v - (-2)/7. Let u(k) = -k**2 + 8*k - 3. What is u(a)?
9
Suppose -4*h - 8 = -6*h. Let i(d) = 3*d**2 - h + d**3 + 1 - 2 + 3. Give i(-3).
-2
Let n(y) = y**2 + 5*y + 3. Let a be n(-5). Suppose -2*l = -a - 3. Let v(o) = -l + 4*o**2 + 2*o**3 - o**3 + 3*o - 10*o. Calculate v(-5).
7
Let z(g) = -g - 3. Suppose 0 = -3*a - 11 + 47. Suppose 0*i + 12 = -2*i + 2*l, 0 = 2*i + 4*l + a. Let p = i - -3. What is z(p)?
0
Let p(n) be the third derivative of n**5/60 - n**4/4 + n**3/6 + 2*n**2. Let q(w) = -4*w**2 - 38*w - 86. Let y be q(-5). Calculate p(y).
-7
Let s(w) = -w**3 - 2*w**2 + 5*w. Suppose -5*a + i - 21 = 0, 16 = -5*a + 2*a + 4*i. What is s(a)?
12
Suppose l = -4*l - 30. Let g(d) = 4*d**2 + 24*d - 7. Let q be g(-7). Let j(r) = 0*r**2 + 7 + r**2 + 27*r + q*r - 42*r. Determine j(l).
7
Let z(m) be the second derivative of -m**4/12 - 2*m**3/3 + 3*m**2/2 - 3*m. Suppose 8 = -q + 3. Let k be 0 + (q - (3 + -5)). Determine z(k).
6
Suppose 3*g = 6, 3*g + 32 + 50 = 4*b. Let z(y) = -2*y + 40. Determine z(b).
-4
Let i(v) = 6 - 8 + 1 - v - v. Let u = -9 - -9. Let m be (1 - u)*(-1 + 3). Determine i(m).
-5
Let j be -2*2 - (-2 + 2). Let m be (0 + -3 + 4)*1 - -1. Let i(p) = -6 - 36*p**2 + 5 + 35*p**m - p + 6. Determine i(j).
-7
Let v(w) = -1 - 3*w**2 - 4*w**2 + 6*w**2 - 2 + 6*w. Give v(3).
6
Let c = 2 + -2. Suppose 5*q - 9 - 1 = c. Let x be (60/10)/(q - 0). Let m(b) = -b**2 + 3*b - 3. Calculate m(x).
-3
Let y(x) = 73 - x - 77 + x + x. Give y(0).
-4
Let g(j) be the third derivative of -1/3*j**3 + 1/60*j**5 - 29*j**2 + 7/24*j**4 + 0*j + 0. What is g(-5)?
-12
Let o(k) be the third derivative of -k**5/30 + k**4/24 - k**3/3 - k**2. Let w be o(-2). Let q(p) = p**2 + 12*p - 2. Give q(w).
-2
Let o(y) be the third derivative of 15*y**2 + 0*y + 1/6*y**4 + 1/6*y**3 + 0. What is o(-1)?
-3
Let w(q) = 6*q - 26. Let t be w(6). Let k(c) = c**3 - 9*c**2 - 10*c - 12. Give k(t).
-12
Let z = -467 + 469. Let t(h) = 4*h - 5. Give t(z).
3
Suppose 4*q - 4*i - 1 - 115 = 0, 2 = 2*i. Suppose -3*l - 5*p = -q, 4*l - 35 = 4*p - 9*p. Let t(f) = -f**2 + 5*f - 4. Calculate t(l).
-4
Let i(y) = y**3 - 4*y**2 + y - 3. Let n be 546/147 + (-2)/(-7). Let l be i(n). Let o(p) = 1 + 4*p + 0 + 0. What is o(l)?
5
Let w(a) be the third derivative of -a**5/60 - a**4/8 - 2*a**3/3 + 2*a**2 - 118. Calculate w(-3).
-4
Let t(h) be the first derivative of -h**4/4 - 5*h**3/3 - 5*h**2/2 + 5*h + 747. Give t(-4).
9
Let k(m) = -6*m**2 + 1. Suppose 3*c - 5*b + 4*b = 4, -31 = -2*c - 5*b. Suppose 0 = 4*f + 2*w + 3*w + 1, -4*w = f + c. Determine k(f).
-5
Suppose -28 = -21*i + 7*i. Let o(w) = 11*w**2 + 3*w - 3. What is o(i)?
47
Let w(l) = l**3 + 5*l**2 + 2*l + 6. Let i be (16/(-6) + -1)*-3. Suppose -o = -d - 2*o - 5, 3*d - o = -i. Let a be (-4)/16 - (-19)/d. Determine w(a).
-4
Let u be 1264/(-432) - 6/81. Let f(j) = 2*j**3 + 4*j**2 + 4*j. Give f(u).
-30
Let h(a) = 2*a + 9. Let l(s) = -s - 4. Let k(w) = 2*h(w) + 5*l(w). Suppose -28 = -5*r - 8. Give k(r).
-6
Let j(t) be the third derivative of -t**8/6720 